3 - 7*d**2 - 12*d - 5. What is w(0)?
-5
Let y(f) = -135305*f + 27737530. Calculate y(205).
5
Let d(w) = -4097*w - 15702. What is d(-4)?
686
Let t(s) = -3*s**3 - 7*s**2 - 17*s - 30. Determine t(0).
-30
Let p(m) = -8*m**2 + 5036*m - 35162. What is p(7)?
-302
Let z(c) = c**3 + 364*c**2 + 32636*c - 867. Calculate z(-160).
-227
Let j(n) = -1175*n - 62264. What is j(-53)?
11
Let n(w) = 30*w**2 + 475*w + 108. Calculate n(-16).
188
Let h(f) = -f**3 + 794*f**2 - 22189*f + 94. Determine h(29).
-22
Let z(c) = 14*c**2 + 16*c + 70. Determine z(12).
2278
Let d(h) = 105*h**2 + 12769*h - 12818. What is d(1)?
56
Let v(g) = -g**2 + 3354*g - 30112. Calculate v(9).
-7
Let i(x) = -366*x - 25292. What is i(-70)?
328
Let m(t) = -13539*t + 6022. Determine m(0).
6022
Let j(q) = 2*q**3 + 16*q**2 + 236*q + 1535. Determine j(-7).
-19
Let z(v) = -v**3 + 6*v**2 - 232*v + 3137. What is z(11)?
-20
Let f(n) = 55119*n + 9149753. Determine f(-166).
-1
Let f(s) = 107*s**2 - 28. Determine f(-3).
935
Let o(d) = -2*d**2 - 128*d - 868. Determine o(-68).
-1412
Let x(c) = -669*c - 1096. Calculate x(-3).
911
Let w(y) = y**3 + 193*y**2 + 5105*y + 861641. What is w(-190)?
-9
Let o(f) = -1143*f + 10345. Determine o(9).
58
Let q(g) = -312*g + 776. Give q(5).
-784
Let m(t) = -3*t**2 - 17045*t + 85195. Determine m(5).
-105
Let j(f) = 21*f - 632. What is j(-30)?
-1262
Let s(u) = -6*u**2 - 166*u + 835. Give s(5).
-145
Let v(c) = 394*c**2 - 6726*c - 8. Determine v(17).
-484
Let d(j) = 319*j**2 - 6823*j - 4251. Determine d(22).
39
Let a(n) = -31*n**2 - 152*n + 1998. Determine a(6).
-30
Let d(m) = 942*m + 21755. Calculate d(-23).
89
Let m(b) = 353*b + 7129. Give m(-20).
69
Let p(h) = -559*h + 259849. Calculate p(465).
-86
Let v(g) = -85*g**2 - 6530*g + 14610. What is v(-79)?
-5
Let l(s) = -13*s**2 + 1065*s + 14250. Determine l(-13).
-1792
Let i(f) = 105*f**2 + 2542*f + 489. Determine i(-24).
-39
Let i(v) = -19*v**3 - 21*v**2 + 144*v + 336. Calculate i(-2).
116
Let y(f) = 175*f - 1796. Calculate y(11).
129
Let k(y) = -3*y**3 - 4*y**2 - 1512*y - 4585. Calculate k(-3).
-4
Let s(t) = 22*t**2 + 6645*t - 6655. What is s(1)?
12
Let b(m) = 631*m - 28659. What is b(50)?
2891
Let h(j) = 24*j**2 + 189*j + 76. What is h(-7)?
-71
Let a(f) = 179*f - 3673. Give a(20).
-93
Let k(s) = 334*s**2 - 652*s - 2744. Give k(4).
-8
Let q(a) = 3*a**2 + 34*a + 141. What is q(-14)?
253
Let z(y) = -y**3 - 85*y**2 - 1264*y - 3932. Determine z(-67).
-46
Let r(s) = -2*s**2 + 108*s + 24225. Calculate r(141).
-309
Let m(n) = n**3 + 29*n**2 + 274*n + 376. Give m(-16).
-680
Let x(b) = -5*b**3 + 8*b**2 + 51*b + 155. What is x(-4)?
399
Let d(n) = -6*n**2 - 121*n + 2539. Give d(14).
-331
Let m(b) = 11836*b - 59222. What is m(5)?
-42
Let w(u) = -5*u**3 - 35*u**2 + 8*u - 280. Give w(-8).
-24
Let k(p) = -p**3 + p**2 - 38083*p - 114291. Determine k(-3).
-6
Let d(h) = -5394*h**2 + 102484*h + 37. Give d(19).
-1
Let t(m) = 10119*m - 131542. Give t(13).
5
Let l(y) = -2*y**2 - 1721*y + 96838. Give l(53).
7
Let p(t) = 1698294*t - 33965887. Give p(20).
-7
Let j(b) = -2551*b - 175. What is j(0)?
-175
Let g(w) = 9*w**2 - 1403*w - 3854. Give g(159).
598
Let w(l) = -167*l + 256. What is w(5)?
-579
Let h(v) = -15514*v**2 + 31022*v - 19. Determine h(2).
-31
Let m(k) = 59*k**2 - 2595*k + 93. What is m(44)?
137
Let x(m) = m**3 + 22*m**2 - 168*m - 2992. Determine x(-10).
-112
Let o(w) = -96644*w + 1353016. Determine o(14).
0
Let v(f) = -2*f**3 - 64*f**2 + 49*f - 524. Determine v(-33).
37
Let b(o) = -13*o**3 + 86*o**2 + 212*o + 78. What is b(-2)?
102
Let h(d) = 519*d - 29756. Calculate h(58).
346
Let x(a) = 8*a**2 + 73560*a + 294231. Give x(-4).
119
Let t(d) = 11*d**3 + 1759*d**2 + 819*d + 156638. What is t(-160)?
-2
Let t(i) = 469*i + 90183. Give t(-192).
135
Let l(p) = -4*p**2 + 1693*p + 84272. Calculate l(-45).
-13
Let n(k) = -2*k**3 + 274*k**2 - 9107*k - 725. What is n(57)?
16
Let d(q) = -q**3 + 169*q**2 + 998*q - 82908. Give d(172).
-4
Let o(p) = -52*p**2 + 12009*p + 720. Give o(231).
27
Let j(h) = 48879*h - 3128256. What is j(64)?
0
Let d(m) = -8658*m - 16971. Calculate d(-2).
345
Let t(i) = 150*i - 73547. Determine t(490).
-47
Let p(o) = -3*o**3 - 15*o**2 - 110*o - 174. Give p(-2).
10
Let p(d) = -4*d**3 + 350*d**2 + 3269*d - 367. Give p(96).
113
Let t(g) = 8*g**3 + 349*g**2 - 148*g - 689. What is t(-44)?
15
Let l(u) = -41*u**3 - 2748*u**2 - 75*u - 180. Calculate l(-67).
356
Let t(h) = -18655*h**2 - 74653*h + 6. Determine t(-4).
138
Let p(i) = 15*i**3 + 40*i**2 + 269*i + 3. Give p(-7).
-5065
Let r(b) = -2*b**2 + 401*b + 12026. Determine r(227).
-5
Let n(t) = -6955*t - 125730. Determine n(-18).
-540
Let c(s) = s**2 + 398*s + 29040. Give c(-303).
255
Let i(z) = 3*z**3 - 99*z**2 + 377*z - 11. Determine i(30).
3199
Let y(j) = 46*j**3 - 231*j**2 + 23*j - 32. What is y(5)?
58
Let r(q) = -25000*q - 24989. Determine r(-1).
11
Let x(m) = 412*m**2 - 4358*m - 1766. What is x(11)?
148
Let y(x) = -68*x**3 - 35632*x**2 - 22*x - 11525. What is y(-524)?
3
Let v(y) = -2*y**3 - 2490*y**2 - 733828*y - 13. Give v(-766).
-13
Let p(z) = 419*z + 33877. Give p(-79).
776
Let h(l) = 4350*l - 87008. What is h(20)?
-8
Let y(h) = 107494*h - 107497. Give y(1).
-3
Let t(p) = 6*p**3 - 1157*p**2 - 193*p + 7. Calculate t(193).
7
Let l(s) = -s**3 + 25*s**2 - 211*s + 7191. Calculate l(27).
36
Let g(a) = 41746*a - 32019188. Give g(767).
-6
Let m(a) = 4966*a + 1817631. Calculate m(-366).
75
Let p(r) = r**3 + 1704*r**2 + 285005*r - 566. What is p(-188)?
-2
Let o(l) = -l**2 - 211*l - 10051. Determine o(-138).
23
Let g(u) = 552*u**2 + 1689*u + 1. Determine g(-3).
-98
Let m(w) = 2*w**2 - 2*w - 3063. What is m(38)?
-251
Let b(n) = -157753*n - 1577592. Give b(-10).
-62
Let w(n) = -34204*n + 29107597. What is w(851)?
-7
Let y(x) = -10133*x + 70954. Calculate y(7).
23
Let t(z) = -z**3 + 68*z**2 + 3587*z + 1864. What is t(103)?
10
Let z(k) = 59*k**2 - 3947*k - 424. Calculate z(67).
-22
Let y(p) = 2*p**3 - 9*p**2 + 3*p + 68. Give y(7).
334
Let g(o) = 967860*o + 23228653. Determine g(-24).
13
Let p(m) = -191*m**3 + 3*m**2 - 92*m - 95. Give p(-1).
191
Let y(c) = 103156*c - 14235536. Calculate y(138).
-8
Let p(l) = 120*l**2 + 2103*l + 2006. What is p(-1)?
23
Let v(t) = -192*t + 23568. Calculate v(116).
1296
Let j(a) = a**3 + 15*a**2 - 29*a - 469. What is j(-12)?
311
Let c(w) = -w**3 + 341*w**2 + 21780*w + 107. Calculate c(-55).
107
Let p(v) = 42008*v - 924277. Give p(22).
-101
Let n(m) = 885*m + 9558. Determine n(-11).
-177
Let v(u) = -8*u**2 - 36308*u - 36317. Give v(-1).
-17
Let o(j) = 4171*j - 57914. Determine o(14).
480
Let r(c) = -c**3 + 151*c**2 - 270*c - 4255. What is r(149)?
-83
Let j(m) = -2*m**3 - 240*m**2 + 638*m + 47925. What is j(-121)?
9
Let r(a) = 39*a + 1175. Determine r(-26).
161
Let h(g) = g**3 - 3056*g**2 + 21299*g + 328. What is h(7)?
20
Let c(n) = -453215*n + 4078941. What is c(9)?
6
Let z(x) = -25975*x - 571499. What is z(-22)?
-49
Let t(r) = -r**2 - 54088*r + 1082158. Determine t(20).
-2
Let x(s) = 2*s**3 + 5*s**2 - 2511*s - 25552. Give x(-11).
12
Let t(q) = -4*q**3 + 203*q**2 - 136*q - 867. What is t(50)?
-167
Let l(j) = -69*j**2 + 1006*j - 4016. What is l(4)?
-1096
Let v(r) = -485*r + 212927. Calculate v(439).
12
Let h(i) = -22*i**2 + 40*i - 141. Calculate h(8).
-1229
Let m(h) = -5417*h - 6625014. Calculate m(-1223).
-23
Let p(g) = -5*g**2 + 1581*g - 11667. What is p(310)?
-2057
Let h(j) = j**2 - 204*j + 7582. Determine h(110).
-2758
Let v(r) = 1131720*r + 1131729. Give v(-1).
9
Let r(h) = -h**3 + 64*h**2 + 2899*h - 1423. What is r(-31)?
3
Let f(r) = 412*r**2 + 3709*r + 19. Determine f(-9).
10
Let t(g) = -49*g + 71. Give t(3).
-76
Let q(b) = 12241*b - 14028181. Determine q(1146).
5
Let t(l) = 6*l**3 + 328*l**2 + 68*l + 9794. Determine t(-55).
4
Let y(k) = k**3 + 48*k**2 - 171*k - 1040. Determine y(-51).
-122
Let w(u) = 639*u - 18551. Calculate w(29).
-20
Let j(n) = -129*n - 14170. Determine j(-109).
-109
Let o(r) = 222*r**2 - 42207*r + 5128. Calculate o(190).
-2
Let h(t) = 43*t**2 + 121*t + 3. What is h(-6)?
825
Let i(n) = 7*n**3 - 79*n**2 + 48*n - 93. What is i(11)?
193
Let l(j) = j**3 - 21*j**2 - 168*j + 75. Calculate l(-6).
111
Let y(f) = 6*f**3 - 4*f**2 - 14*f - 151. Calculate y(-5).
-931
Let y(d) = 2*d**2 + 335*d + 14260. Calculate y(-87).
253
Let c(h) = -h**2 - 45*